{"id":237,"date":"2025-03-16T10:31:27","date_gmt":"2025-03-16T09:31:27","guid":{"rendered":"http:\/\/test-domain.nvv-dudenhofen.de\/?page_id=237"},"modified":"2025-09-27T17:44:54","modified_gmt":"2025-09-27T15:44:54","slug":"04-a-obststuecke","status":"publish","type":"page","link":"https:\/\/nvv-dudenhofen.de\/?page_id=237","title":{"rendered":"02.B Biotopvernetzung"},"content":{"rendered":"\n<h1 class=\"wp-block-heading has-text-align-center\"><br>Biotopvernetzung<\/h1>\n\n\n\n<p>Wir erstreben einen gro\u00dfr\u00e4umigen Biotopverbund \u00fcber die Grenzen der Gemeinde hinaus. Einzelne Biotope vernetzen wir durch Ankauf oder Pacht geeigneter Fl\u00e4chen, welche dadurch der wettbewerbsorientierten landwirtschaftlichen Nutzung entzogen werden. <\/p>\n\n\n\n<hr class=\"wp-block-separator has-alpha-channel-opacity\"\/>\n\n\n\n<h2 class=\"wp-block-heading\">T\u00e4tigkeiten<\/h2>\n\n\n\n<div id=\"wp-block-themeisle-blocks-icon-list-29d85d4a\" class=\"wp-block-themeisle-blocks-icon-list\">\n<div id=\"wp-block-themeisle-blocks-icon-list-item-995a017f\" class=\"wp-block-themeisle-blocks-icon-list-item\"><i class=\"fas fa-check wp-block-themeisle-blocks-icon-list-item-icon\"><\/i><p class=\"wp-block-themeisle-blocks-icon-list-item-content\">Flurbegehung und Fluranalyse<\/p><\/div>\n\n\n\n<div id=\"wp-block-themeisle-blocks-icon-list-item-1d925d26\" class=\"wp-block-themeisle-blocks-icon-list-item\"><i class=\"fas fa-check wp-block-themeisle-blocks-icon-list-item-icon\"><\/i><p class=\"wp-block-themeisle-blocks-icon-list-item-content\">Fl\u00e4chenankauf oder Pacht <\/p><\/div>\n\n\n\n<div id=\"wp-block-themeisle-blocks-icon-list-item-f5168319\" class=\"wp-block-themeisle-blocks-icon-list-item\"><i class=\"fas fa-check wp-block-themeisle-blocks-icon-list-item-icon\"><\/i><p class=\"wp-block-themeisle-blocks-icon-list-item-content\">Ma\u00dfnahmen zur Biotopvernetzung<\/p><\/div>\n\n\n\n<div id=\"wp-block-themeisle-blocks-icon-list-item-f79bfcd5\" class=\"wp-block-themeisle-blocks-icon-list-item\"><i class=\"fas fa-check wp-block-themeisle-blocks-icon-list-item-icon\"><\/i><p class=\"wp-block-themeisle-blocks-icon-list-item-content\">Dokumentation der Biotopentwicklung je Fl\u00e4che<\/p><\/div>\n<\/div>\n\n\n\n<p><\/p>\n\n\n\n<figure class=\"wp-block-image alignfull size-large\"><img loading=\"lazy\" decoding=\"async\" width=\"768\" height=\"1024\" src=\"http:\/\/test-domain.nvv-dudenhofen.de\/wp-content\/uploads\/2025\/09\/IMG_6098-768x1024.jpeg\" alt=\"\" class=\"wp-image-1064\" srcset=\"https:\/\/nvv-dudenhofen.de\/wp-content\/uploads\/2025\/09\/IMG_6098-768x1024.jpeg 768w, https:\/\/nvv-dudenhofen.de\/wp-content\/uploads\/2025\/09\/IMG_6098-225x300.jpeg 225w, https:\/\/nvv-dudenhofen.de\/wp-content\/uploads\/2025\/09\/IMG_6098-1152x1536.jpeg 1152w, https:\/\/nvv-dudenhofen.de\/wp-content\/uploads\/2025\/09\/IMG_6098.jpeg 1536w\" sizes=\"auto, (max-width: 768px) 100vw, 768px\" \/><\/figure>\n","protected":false},"excerpt":{"rendered":"<p>Biotopvernetzung Wir erstreben einen gro\u00dfr\u00e4umigen Biotopverbund \u00fcber die Grenzen der Gemeinde hinaus. Einzelne Biotope vernetzen wir durch Ankauf oder Pacht geeigneter Fl\u00e4chen, welche dadurch der wettbewerbsorientierten landwirtschaftlichen Nutzung entzogen werden. T\u00e4tigkeiten<\/p>\n","protected":false},"author":1,"featured_media":0,"parent":0,"menu_order":0,"comment_status":"closed","ping_status":"closed","template":"","meta":{"zakra_sidebar_layout":"customizer","zakra_remove_content_margin":false,"zakra_sidebar":"customizer","zakra_transparent_header":"customizer","zakra_logo":0,"zakra_main_header_style":"default","zakra_menu_item_color":"","zakra_menu_item_hover_color":"","zakra_menu_item_active_color":"","zakra_menu_active_style":"","zakra_page_header":true,"_themeisle_gutenberg_block_has_review":false,"footnotes":""},"class_list":["post-237","page","type-page","status-publish","hentry"],"jetpack_sharing_enabled":true,"_links":{"self":[{"href":"https:\/\/nvv-dudenhofen.de\/index.php?rest_route=\/wp\/v2\/pages\/237","targetHints":{"allow":["GET"]}}],"collection":[{"href":"https:\/\/nvv-dudenhofen.de\/index.php?rest_route=\/wp\/v2\/pages"}],"about":[{"href":"https:\/\/nvv-dudenhofen.de\/index.php?rest_route=\/wp\/v2\/types\/page"}],"author":[{"embeddable":true,"href":"https:\/\/nvv-dudenhofen.de\/index.php?rest_route=\/wp\/v2\/users\/1"}],"replies":[{"embeddable":true,"href":"https:\/\/nvv-dudenhofen.de\/index.php?rest_route=%2Fwp%2Fv2%2Fcomments&post=237"}],"version-history":[{"count":6,"href":"https:\/\/nvv-dudenhofen.de\/index.php?rest_route=\/wp\/v2\/pages\/237\/revisions"}],"predecessor-version":[{"id":1196,"href":"https:\/\/nvv-dudenhofen.de\/index.php?rest_route=\/wp\/v2\/pages\/237\/revisions\/1196"}],"wp:attachment":[{"href":"https:\/\/nvv-dudenhofen.de\/index.php?rest_route=%2Fwp%2Fv2%2Fmedia&parent=237"}],"curies":[{"name":"wp","href":"https:\/\/api.w.org\/{rel}","templated":true}]}}

<h1 class="wp-block-heading has-text-align-center"><br>Biotopvernetzung</h1>



<p>Wir erstreben einen großräumigen Biotopverbund über die Grenzen der Gemeinde hinaus. Einzelne Biotope vernetzen wir durch Ankauf oder Pacht geeigneter Flächen, welche dadurch der wettbewerbsorientierten landwirtschaftlichen Nutzung entzogen werden. </p>



<hr class="wp-block-separator has-alpha-channel-opacity"/>



<h2 class="wp-block-heading">Tätigkeiten</h2>



<div id="wp-block-themeisle-blocks-icon-list-29d85d4a" class="wp-block-themeisle-blocks-icon-list">
<div id="wp-block-themeisle-blocks-icon-list-item-995a017f" class="wp-block-themeisle-blocks-icon-list-item"><i class="fas fa-check wp-block-themeisle-blocks-icon-list-item-icon"></i><p class="wp-block-themeisle-blocks-icon-list-item-content">Flurbegehung und Fluranalyse</p></div>



<div id="wp-block-themeisle-blocks-icon-list-item-1d925d26" class="wp-block-themeisle-blocks-icon-list-item"><i class="fas fa-check wp-block-themeisle-blocks-icon-list-item-icon"></i><p class="wp-block-themeisle-blocks-icon-list-item-content">Flächenankauf oder Pacht </p></div>



<div id="wp-block-themeisle-blocks-icon-list-item-f5168319" class="wp-block-themeisle-blocks-icon-list-item"><i class="fas fa-check wp-block-themeisle-blocks-icon-list-item-icon"></i><p class="wp-block-themeisle-blocks-icon-list-item-content">Maßnahmen zur Biotopvernetzung</p></div>



<div id="wp-block-themeisle-blocks-icon-list-item-f79bfcd5" class="wp-block-themeisle-blocks-icon-list-item"><i class="fas fa-check wp-block-themeisle-blocks-icon-list-item-icon"></i><p class="wp-block-themeisle-blocks-icon-list-item-content">Dokumentation der Biotopentwicklung je Fläche</p></div>
</div>



<p></p>



<figure class="wp-block-image alignfull size-large"><img loading="lazy" decoding="async" width="768" height="1024" src="http://test-domain.nvv-dudenhofen.de/wp-content/uploads/2025/09/IMG_6098-768x1024.jpeg" alt="" class="wp-image-1064" srcset="https://nvv-dudenhofen.de/wp-content/uploads/2025/09/IMG_6098-768x1024.jpeg 768w, https://nvv-dudenhofen.de/wp-content/uploads/2025/09/IMG_6098-225x300.jpeg 225w, https://nvv-dudenhofen.de/wp-content/uploads/2025/09/IMG_6098-1152x1536.jpeg 1152w, https://nvv-dudenhofen.de/wp-content/uploads/2025/09/IMG_6098.jpeg 1536w" sizes="auto, (max-width: 768px) 100vw, 768px" /></figure>

<p>Biotopvernetzung Wir erstreben einen großräumigen Biotopverbund über die Grenzen der Gemeinde hinaus. Einzelne Biotope vernetzen wir durch Ankauf oder Pacht geeigneter Flächen, welche dadurch der wettbewerbsorientierten landwirtschaftlichen Nutzung entzogen werden. Tätigkeiten</p>
