{"id":187,"date":"2025-03-15T12:07:22","date_gmt":"2025-03-15T11:07:22","guid":{"rendered":"http:\/\/test-domain.nvv-dudenhofen.de\/?page_id=187"},"modified":"2026-02-01T10:21:15","modified_gmt":"2026-02-01T09:21:15","slug":"05-b-saatgut","status":"publish","type":"page","link":"https:\/\/nvv-dudenhofen.de\/?page_id=187","title":{"rendered":"01.E Ella-Kn\u00f6ll-Stiftung"},"content":{"rendered":"\n<h1 class=\"wp-block-heading has-text-align-center\"><br>Ella-Kn\u00f6ll-Stiftung<\/h1>\n\n\n\n<p><strong>Zweck der Stiftung<\/strong><\/p>\n\n\n\n<p>Die Ella-Kn\u00f6ll-Stiftung dient nach dem im Testament der Stifterin vom 14. September 1993 festgelegten letzten Willen der F\u00f6rderung von Biotopen und deren Vernetzung, sowie der Erhaltung und Weiterentwicklung der Natur, der Fauna, der Flora und der Landschaft um Dudenhofen und im besonderen der Sandd\u00fcnen-Landschaft.<\/p>\n\n\n\n<hr class=\"wp-block-separator has-alpha-channel-opacity\"\/>\n\n\n\n<figure class=\"wp-block-image alignleft size-full is-resized\"><img loading=\"lazy\" decoding=\"async\" width=\"219\" height=\"286\" src=\"https:\/\/nvv-dudenhofen.de\/wp-content\/uploads\/2025\/09\/image.jpg\" alt=\"\" class=\"wp-image-1060\" style=\"aspect-ratio:0.7657214664262689;width:272px;height:auto\"\/><\/figure>\n\n\n\n<p class=\"has-text-align-left\"><\/p>\n\n\n\n<p><strong>Wie alles begann<\/strong><\/p>\n\n\n\n<p>Alles begann mit einem Telefonat im April 1992. Der damalige Leiter der Volksbank Speyer, Herr Direktor Dr. No\u00e9, rief bei Erich Bettag (Gr\u00fcndungsmitglied des Natur- und Vogelschutzvereins Dudenhofen) an und erz\u00e4hlte ihm von einem seiner Kunden. Dieser Kunde wollte sein gesamtes Verm\u00f6gen eines Tages entweder dem Naturschutz oder einem sozialen Zweck zukommen lassen. Weder der Kunde noch der Bankdirektor hatten eine konkrete Idee. Warum Herr No\u00e9 dann ausgerechnet bei Erich Bettag anrief, ist dessen langj\u00e4hriger T\u00e4tigkeit im Umweltschutz, dem damit verbundenen Bekanntheitsgrad und seinem gerade zu dieser Zeit ver\u00f6ffentlichten Buch \u201eDurch die W\u00e4lder, durch die Auen\u201c zu verdanken. <\/p>\n\n\n\n<p>Herr No\u00e9 erl\u00e4uterte, dass sein Kunde keine Nachkommen hatte und sein ganzes Verm\u00f6gen, welches aus Immobilien und mehreren tausend DM Bargeld bestand, f\u00fcr eine gute Sache einsetzen wollte. Auf die Frage, ob Erich Bettag ihm dabei weiterhelfen kann, hatte dieser sofort eine Idee. Das Verm\u00f6gen sollte dem Natur- und Vogelschutz zugute kommen. Erich Bettag erbat sich 14 Tage Bedenkzeit und unterbreitete Herrn No\u00e9 anschlie\u00dfend den folgenden Vorschlag: Das Verm\u00e4chtnis k\u00f6nnte einer Biotopvernetzung innerhalb der Gemeinde Dudenhofen zugute kommen und somit der Wiederherstellung einer gr\u00f6\u00dferen Naturn\u00e4he dienen. Es k\u00f6nnte weiterhin die dauerhafte Erhaltung des einmaligen Flugsand-D\u00fcnengel\u00e4ndes zwischen Dudenhofen und Speyer sichergestellt werden, wenn dort die milit\u00e4rische Nutzung einmal aufgegeben werden sollte. <\/p>\n\n\n\n<p>Der Bankdirektor seinerseits gab diesen Vorschlag an seinen Kunden, der, wie sich sp\u00e4ter herausstellte eine Kundin war, weiter. Diese Kundin, Frau Ella Kn\u00f6ll, war von diesem Vorschlag schnell \u00fcberzeugt und unterzeichnete daraufhin das Testament im Dezember 1993. Sie trat danach selbst dem Natur- und Vogelschutzverein Dudenhofen bei. Im Alter von 85 Jahren verstarb Frau Kn\u00f6ll im Juni 1998.<\/p>\n\n\n\n<p>Der Natur- und Vogelschutzverein gr\u00fcndete sofort nach Annahme des Testaments eine Stiftung. Diese muss stets aus 5 Personen bestehen, um das Prinzip der Ungleichheit zu wahren. Zudem gibt es eine ausgekl\u00fcgelte Satzung die gew\u00e4hrleistet, dass weder der Natur- und Vogelschutzverein noch die Ella-Kn\u00f6ll-Stiftung alleine Entscheidungen treffen d\u00fcrfen. Nur gemeinsam k\u00f6nnen Ma\u00dfnahmen, wie beispielsweise der Kauf eines Grundst\u00fccks, eingeleitet werden. Weiterhin gibt es einen Sockelbetrag, der immer in der Stiftung verbleiben muss und nicht ausgegeben werden darf. Somit sorgt Ella Kn\u00f6ll f\u00fcr das fortw\u00e4hrende Bestehen des Vereins.<\/p>\n\n\n\n<p>In den vergangenen Jahren konnten mit diesem Geld viele Grundst\u00fccke innerhalb der Gemarkung Dudenhofen gekauft werden. Ziel ist es nach wie vor, ein Biotop-Verbundsystem zu schaffen. Solch ein Verbund ist allerdings nur im Einklang mit der Landwirtschaft und durch Unterst\u00fctzung der Landwirte m\u00f6glich. Grundst\u00fccke, die nur unzureichend f\u00fcr die Landwirtschaft nutzbar sind, sollen mit Vereinsgrundst\u00fccken getauscht werden. Somit erhalten Landwirte geeignete Grundst\u00fccke zum Ackerbau und der Verein Grundst\u00fccke f\u00fcr die Natur. Die landwirtschaftliche Nutzung soll also keineswegs beschnitten werden. Die Biotopvernetzung w\u00e4hlt stattdessen einzelne Fl\u00e4chen gezielt aus um sie wieder der Natur zuzuf\u00fchren. Wenn man bedenkt, dass in der Gemeinde Dudenhofen im Jahr 1950 ca. 70.000 Obstb\u00e4ume gez\u00e4hlt wurden und heute nur noch 10% davon erhalten sind, dr\u00e4ngt sich der Gedanke nach Vermehrung der sauerstoffspendenden Laubb\u00e4ume geradezu auf.<\/p>\n\n\n\n<p>Es liegt kein einfacher Weg vor uns, doch mit ein bisschen gutem Willen lassen sich sowohl die Interessen der Landwirte als auch die des Natur- und Vogelschutzes bestens vereinbaren. Die Idee von Ella Kn\u00f6ll, ihr Hab und Gut der Natur zu vermachen, war mehr als au\u00dfergew\u00f6hnlich. <\/p>\n\n\n\n<p>Danke vielmals daf\u00fcr!<\/p>\n\n\n\n<p><\/p>\n\n\n\n<p><\/p>\n","protected":false},"excerpt":{"rendered":"<p>Ella-Kn\u00f6ll-Stiftung Zweck der Stiftung Die Ella-Kn\u00f6ll-Stiftung dient nach dem im Testament der Stifterin vom 14. September 1993 festgelegten letzten Willen der F\u00f6rderung von Biotopen und deren Vernetzung, sowie der Erhaltung und Weiterentwicklung der Natur, der Fauna, der Flora und der Landschaft um Dudenhofen und im besonderen der Sandd\u00fcnen-Landschaft. Wie alles begann Alles begann mit einem [&hellip;]<\/p>\n","protected":false},"author":1,"featured_media":0,"parent":0,"menu_order":0,"comment_status":"closed","ping_status":"closed","template":"","meta":{"zakra_sidebar_layout":"customizer","zakra_remove_content_margin":false,"zakra_sidebar":"customizer","zakra_transparent_header":"customizer","zakra_logo":0,"zakra_main_header_style":"default","zakra_menu_item_color":"","zakra_menu_item_hover_color":"","zakra_menu_item_active_color":"","zakra_menu_active_style":"","zakra_page_header":true,"_themeisle_gutenberg_block_has_review":false,"footnotes":""},"class_list":["post-187","page","type-page","status-publish","hentry"],"jetpack_sharing_enabled":true,"_links":{"self":[{"href":"https:\/\/nvv-dudenhofen.de\/index.php?rest_route=\/wp\/v2\/pages\/187","targetHints":{"allow":["GET"]}}],"collection":[{"href":"https:\/\/nvv-dudenhofen.de\/index.php?rest_route=\/wp\/v2\/pages"}],"about":[{"href":"https:\/\/nvv-dudenhofen.de\/index.php?rest_route=\/wp\/v2\/types\/page"}],"author":[{"embeddable":true,"href":"https:\/\/nvv-dudenhofen.de\/index.php?rest_route=\/wp\/v2\/users\/1"}],"replies":[{"embeddable":true,"href":"https:\/\/nvv-dudenhofen.de\/index.php?rest_route=%2Fwp%2Fv2%2Fcomments&post=187"}],"version-history":[{"count":10,"href":"https:\/\/nvv-dudenhofen.de\/index.php?rest_route=\/wp\/v2\/pages\/187\/revisions"}],"predecessor-version":[{"id":1607,"href":"https:\/\/nvv-dudenhofen.de\/index.php?rest_route=\/wp\/v2\/pages\/187\/revisions\/1607"}],"wp:attachment":[{"href":"https:\/\/nvv-dudenhofen.de\/index.php?rest_route=%2Fwp%2Fv2%2Fmedia&parent=187"}],"curies":[{"name":"wp","href":"https:\/\/api.w.org\/{rel}","templated":true}]}}